 common divisor of 26 and a.
2
Suppose -b - z = -16, z = 1 - 0. What is the greatest common divisor of 15 and b?
15
Let h(c) = -c + 2. Let y be h(-2). Calculate the highest common divisor of 16 and y.
4
Let r be 94 - (-6 + -2 + 6). Let n = -14 + 26. What is the highest common divisor of n and r?
12
Suppose x - 3*o = o + 15, 4*o - 5 = 5*x. Let l(t) = -t**3 - 5*t**2 - t + 7. Let n be l(x). What is the highest common factor of n and 60?
12
Let q(u) = u**2 + 8*u + 9. Let z be q(-7). Let y be (-2 + -5 - -3)/z. Let b be y/(-9) - 194/(-18). Calculate the highest common factor of b and 11.
11
Let x = -37 - -65. Calculate the highest common divisor of x and 4.
4
Let f = 5 + -1. Suppose -191 + 569 = 4*k - 5*t, t = -4*k + 390. Suppose 5*h = -f*p + 2*h + k, -p = h - 23. Calculate the highest common factor of 7 and p.
7
Let j be 5 - 4 - 241*-1*1. Calculate the highest common factor of 22 and j.
22
Let x(v) = v**3 + 9*v**2 + 11*v + 12. Let s be x(-8). Let r = s + 20. What is the greatest common factor of 20 and r?
4
Suppose 19*y - 96 = 13*y. Calculate the highest common divisor of y and 12.
4
Suppose -385 = -10*b + 95. What is the greatest common factor of b and 8?
8
Suppose 0 = 5*a - 1094 + 239. What is the greatest common factor of a and 19?
19
Let u = -25 + 9. Let i be 23/(-2)*1*u. Calculate the greatest common factor of 23 and i.
23
Suppose 12*p - 8*p = 104. Let a = 200 + -18. What is the highest common factor of p and a?
26
Suppose -4*h + 0*h + 12 = 0. Let l(j) = j**3 - 3*j**2 - 6*j - 5. Let w be l(5). Calculate the highest common divisor of w and h.
3
Suppose 5*c - 3 = 12. Suppose -z + c = -4. What is the highest common factor of z and 21?
7
Let c be (-32)/272 + 546/17. Suppose -4*s = -z + 6, 2*s - 4 = 3*s + z. Let y be 0 + 2 + s/(-1). Calculate the greatest common factor of c and y.
4
Suppose 5*w = -5*k + 17 + 58, -33 = -w + 5*k. Suppose 2*i = -w + 58. Let m = -3 + 163. What is the greatest common divisor of m and i?
20
Let g = -21 - -34. Calculate the greatest common factor of g and 26.
13
Suppose 175 = 3*a - 608. Calculate the highest common factor of a and 29.
29
Let h be (-3 - (25 - 3))*-1. Suppose -865 = -0*y - 5*y + 2*p, 5*p - 200 = -y. What is the greatest common divisor of h and y?
25
Suppose -5*d - 31 = -111. Calculate the greatest common factor of d and 24.
8
Suppose 2*h - 15 = -3*h. Suppose h*n = 9 + 6. Let a = n + 50. What is the greatest common factor of a and 5?
5
Let c be 1/(-4) + 98/8. Suppose c = -3*f + 5*f. Suppose -q + 2*q = f. Calculate the greatest common factor of q and 6.
6
Suppose -5*z = 4*n - 104, 5*n - n - 3*z - 72 = 0. Suppose 4*x - 26 = v, 0*x - 2*v - 17 = -3*x. What is the highest common factor of x and n?
7
Let l be (-8)/(-28) - (-26)/7. Suppose l*c - 24 + 4 = 0. Calculate the highest common factor of 20 and c.
5
Let k be (8/24)/(2/6). Let j be (-4)/((-2)/k) + 18. What is the highest common factor of j and 8?
4
Suppose 3*v - 74 = 5*g, 4*v + v = -g + 2. Let a be (1*-1)/(g/78). Calculate the greatest common divisor of 12 and a.
6
Suppose 4*a + 3*j = 740, 5*a - 4*j - 185 = 4*a. What is the greatest common factor of 37 and a?
37
Suppose 3*m = 4 + 32. Let d = 73 + -61. What is the greatest common divisor of d and m?
12
Suppose -1253 = -5*v + 3*c, -v - 62 + 327 = 3*c. Let x be (-3)/(-12)*1 + (-819)/(-36). Calculate the greatest common factor of v and x.
23
Suppose 0 = -5*m + 407 + 663. Suppose 2*p + 5*a - 85 = 0, a = 4*p - m + 33. What is the greatest common factor of 15 and p?
15
Let d(m) = 2*m**2 + m + 1. Let p be d(2). Calculate the highest common divisor of p and 121.
11
Suppose -1 = g - 3. Suppose 3*m - 10 - g = 0, m - 46 = 3*v. Let a be (-2 + 4)/((-4)/v). Calculate the highest common factor of a and 49.
7
Suppose -6*n - 2*h = -3*n - 55, 5*n + 5*h = 95. Calculate the highest common factor of 85 and n.
17
Suppose 0*g = -3*w + 2*g + 34, 5*g - 65 = -5*w. Let r = 6 + w. What is the greatest common divisor of r and 2?
2
Let p be ((-2)/(-6))/(1/9). Suppose n = p - 0. Calculate the highest common divisor of n and 15.
3
Let x = 19 - 15. Suppose -4*i = 5*q - 62, 4*i - i - x*q = 31. Let g = -124 - -176. What is the highest common divisor of i and g?
13
Let f(k) = k**3 + 7*k**2 - 8*k + 3. Let m be f(-8). What is the highest common divisor of 4 and m?
1
Let h be (-4)/6 - (-56)/12. Let n(m) = m - 2. Let c be n(5). Suppose c*d = -0*d + 12. Calculate the greatest common factor of d and h.
4
Let j = -25 - -33. Let y be 2*(0/1 + 4). Calculate the highest common factor of y and j.
8
Let j be (1 - 5) + -8*(-6)/4. What is the greatest common factor of 24 and j?
8
Suppose -n + 6 = 2*o, n = 2*o - o. Calculate the greatest common factor of o and 5.
1
Let u = -23 - -23. Suppose -33 = -l + k + 2, 3*k - 12 = u. What is the highest common factor of 13 and l?
13
Let x be 0 + -1 - (-5)/1. Let i = -160 + 180. Calculate the highest common divisor of x and i.
4
Let m(t) = t**2 + t. Let n be m(-2). Let i be 1*3 + (-12)/(-4). Suppose i*o = 2*o + 32. Calculate the greatest common factor of n and o.
2
Let c = 85 + -43. Let j be 2 - (3 + -2 + -3). Let v be 16/3*c/j. What is the highest common divisor of v and 7?
7
Let y(a) = 6*a - 10. Let m(s) = 7*s - 9. Let w(c) = -3*m(c) + 4*y(c). Let n be w(6). What is the greatest common divisor of n and 40?
5
Let o = 35 + -32. What is the highest common divisor of o and 15?
3
Let u = 2 - -2. Suppose -u*f + 13 + 19 = 0. Suppose 0 = 5*w - a - 73, -5*a + f = -a. Calculate the greatest common factor of w and 45.
15
Let o = -23 - -27. What is the greatest common factor of o and 8?
4
Suppose -3*a - 4*i = -2*a - 23, -a + 26 = 3*i. Suppose -4*u - u + a = 4*k, -2*u + 20 = 2*k. What is the greatest common divisor of 6 and k?
3
Let x be 55 + (12/(-4))/(-3). What is the greatest common divisor of x and 7?
7
Let c be (14/4 - 2)*2. Suppose 3*p = -m + 123, p - c*m + m - 34 = 0. Calculate the highest common factor of p and 4.
4
Let f(v) = v - 3*v**2 - 2*v**2 + 3*v - 2*v**3. Let a be f(-4). Let m = 19 + -11. Calculate the highest common factor of m and a.
8
Let j be 2 + 0 - -5*14. Calculate the highest common divisor of 8 and j.
8
Let w(h) = -h**3 + 14*h**2 + 3*h - 23. Let k be w(14). What is the highest common divisor of k and 19?
19
Suppose n = -3*s - 19, 2*n = 2*s + 9 - 71. Let p = -4 - n. What is the greatest common factor of p and 3?
3
Let q(r) = -r**3 - 23*r**2 - 26*r + 11. Let m be q(-22). What is the greatest common divisor of m and 9?
9
Let m = 229 + -145. Calculate the highest common divisor of 21 and m.
21
Let n(y) = -10*y - 8. Let r be n(-6). Let j(g) = -12*g + 1. Let c be j(3). Let x = c + r. Calculate the greatest common divisor of 51 and x.
17
Let g = -17 + 12. Let w = 8 - g. Let j(p) = -p**3 - 4*p**2 - 4*p - 6. Let m be j(-5). Calculate the greatest common divisor of m and w.
13
Let x be (-15)/(2/(-4) + 1). Let a be 2/8 - x/8. Suppose -t - 4*t = 5*p - 550, -a*p = 0. What is the highest common factor of t and 10?
10
Let p(x) = x**3 + 8*x**2 - 8*x - 4. Let u = 15 + -23. Let s be p(u). What is the greatest common divisor of 15 and s?
15
Let i(x) = x**2 + 2*x + 2. Let r be i(-2). What is the highest common factor of r and 22?
2
Let h be 0 + 4 + (0 - -1). Let w = 5 + h. Let x(g) = g**3 + 13*g**2 + g + 23. Let d be x(-13). Calculate the highest common divisor of d and w.
10
Let u(h) = -h**3 + 9*h**2 - 10*h + 8. Let t be u(6). Let w be 4/(-18) - 148/(-18). What is the highest common factor of t and w?
8
Suppose -41 = 5*q - 11. Let o(r) = -r + 0*r + 1 + 1. Let k be o(q). Calculate the greatest common divisor of 88 and k.
8
Let q be 12 - (-1 + -1 + 0). Let t = 68 - 33. Calculate the greatest common divisor of q and t.
7
Let g be 0 - (-1 - 1/(-1)). Suppose -2*s + 7*s + 110 = g. Let l = s - -62. Calculate the greatest common divisor of l and 10.
10
Let l be 4/((2/12)/((-21)/(-42))). Let k(h) = 2*h**2 + h - 3. Let r be k(4). Let v = r - 9. Calculate the highest common factor of l and v.
12
Let b(c) = -c**3 + 5*c**2 - 3*c + 1. Let z be b(3). Calculate the greatest common factor of 6 and z.
2
Suppose 2*s - 8 - 4 = 0. Suppose 0 = -2*h + s*h - 88. Suppose 5*r = -5*b + 60, 52 = 5*r + 7*b - 10*b. Calculate the greatest common factor of r and h.
11
Suppose 0 = -5*b + 3 + 52. Suppose 0 = -2*g - 5*q + 41, 2*q + 1 = b. Let x = g - -8. Wh